{"id":190,"date":"2021-02-11T10:17:04","date_gmt":"2021-02-11T10:17:04","guid":{"rendered":"http:\/\/www.sardiniesrdcem.cz\/?page_id=190"},"modified":"2022-04-13T18:43:53","modified_gmt":"2022-04-13T18:43:53","slug":"co-vse-ziskavame-v-cene-ubytovani","status":"publish","type":"page","link":"https:\/\/www.sardiniesrdcem.cz\/index.php\/co-vse-ziskavame-v-cene-ubytovani\/","title":{"rendered":"Co v\u0161e z\u00edsk\u00e1v\u00e1me v cen\u011b ubytov\u00e1n\u00ed?"},"content":{"rendered":"\n<p>V cen\u011b Va\u0161eho ubytov\u00e1n\u00ed je t\u00fddenn\u00ed ubytov\u00e1n\u00ed na Sardinii v na\u0161em domku v malebn\u00e9 vesnici La Ciaccia, v\u0161echny m\u00edstn\u00ed poplatky t\u00fdkaj\u00edc\u00ed se pobytu v t\u00e9to destinaci, spot\u0159eba vody, elekt\u0159iny, klimatizace. D\u00e1le v cen\u011b poskytujeme kompletn\u00ed a \u00faplnou v\u00fdpomoc p\u0159i pl\u00e1nov\u00e1n\u00ed trasy, objedn\u00e1n\u00ed letenek \u010di trajektu. Nebojte se n\u00e1s kontaktovat \ud83d\ude42<\/p>\n\n\n\n<p><a href=\"http:\/\/www.sardiniesrdcem.cz\/index.php\/jake-je-vybaveni-domku\/\" data-type=\"URL\" data-id=\"http:\/\/www.sardiniesrdcem.cz\/index.php\/jake-je-vybaveni-domku\/\">Jak\u00e9 je vybaven\u00ed na\u0161eho ubytov\u00e1n\u00ed na Sardinii?<\/a><\/p>\n","protected":false},"excerpt":{"rendered":"<p>V cen\u011b Va\u0161eho ubytov\u00e1n\u00ed je t\u00fddenn\u00ed ubytov\u00e1n\u00ed na Sardinii v na\u0161em domku v malebn\u00e9 vesnici La Ciaccia, v\u0161echny m\u00edstn\u00ed poplatky t\u00fdkaj\u00edc\u00ed se pobytu v t\u00e9to destinaci, spot\u0159eba vody, elekt\u0159iny, klimatizace. D\u00e1le v cen\u011b poskytujeme kompletn\u00ed a \u00faplnou v\u00fdpomoc p\u0159i pl\u00e1nov\u00e1n\u00ed trasy, objedn\u00e1n\u00ed letenek \u010di trajektu. &hellip; <\/p>\n","protected":false},"author":1,"featured_media":0,"parent":0,"menu_order":0,"comment_status":"closed","ping_status":"closed","template":"","meta":[],"_links":{"self":[{"href":"https:\/\/www.sardiniesrdcem.cz\/index.php\/wp-json\/wp\/v2\/pages\/190"}],"collection":[{"href":"https:\/\/www.sardiniesrdcem.cz\/index.php\/wp-json\/wp\/v2\/pages"}],"about":[{"href":"https:\/\/www.sardiniesrdcem.cz\/index.php\/wp-json\/wp\/v2\/types\/page"}],"author":[{"embeddable":true,"href":"https:\/\/www.sardiniesrdcem.cz\/index.php\/wp-json\/wp\/v2\/users\/1"}],"replies":[{"embeddable":true,"href":"https:\/\/www.sardiniesrdcem.cz\/index.php\/wp-json\/wp\/v2\/comments?post=190"}],"version-history":[{"count":5,"href":"https:\/\/www.sardiniesrdcem.cz\/index.php\/wp-json\/wp\/v2\/pages\/190\/revisions"}],"predecessor-version":[{"id":594,"href":"https:\/\/www.sardiniesrdcem.cz\/index.php\/wp-json\/wp\/v2\/pages\/190\/revisions\/594"}],"wp:attachment":[{"href":"https:\/\/www.sardiniesrdcem.cz\/index.php\/wp-json\/wp\/v2\/media?parent=190"}],"curies":[{"name":"wp","href":"https:\/\/api.w.org\/{rel}","templated":true}]}}