{"id":70,"date":"2021-02-09T21:37:33","date_gmt":"2021-02-09T21:37:33","guid":{"rendered":"http:\/\/www.sardiniesrdcem.cz\/?page_id=70"},"modified":"2023-01-16T10:23:46","modified_gmt":"2023-01-16T10:23:46","slug":"kde-jsme","status":"publish","type":"page","link":"https:\/\/www.sardiniesrdcem.cz\/index.php\/kde-jsme\/","title":{"rendered":"Kde jsme"},"content":{"rendered":"\n<p>&nbsp;&nbsp; N\u00e1\u0161 domek se nach\u00e1z\u00ed v&nbsp;men\u0161\u00ed vesnici La Ciaccia , oblast Valledoria, provincie Sassari.<\/p>\n\n\n\n<p><\/p>\n\n\n\n<div class=\"wp-block-buttons\">\n<div id=\"googlemaps\" class=\"wp-block-button is-style-outline\"><a class=\"wp-block-button__link has-text-color\" href=\"https:\/\/www.google.com\/maps\/place\/40%C2%B054'51.4%22N+8%C2%B046'23.9%22E\/@40.9141971,8.7733614,156m\/data=!3m1!1e3!4m14!1m7!3m6!1s0x12ddc48d448d3591:0x339674b6e4ab6631!2sSardinie!3b1!8m2!3d40.1208752!4d9.0128926!3m5!1s0x0:0x0!7e2!8m2!3d40.9142684!4d8.773302\" style=\"color:#62b4e7\" target=\"_blank\" rel=\"&lt;a href=&quot;www.sardiniesrdcem.cz&quot; noopener noreferrer\">N\u00e1\u0161 domek v La Ciaccia<\/a><\/div>\n<\/div>\n\n\n\n<p><\/p>\n\n\n\n<p>  <strong>Domek stoj\u00ed v&nbsp;tich\u00e9 \u010d\u00e1sti vesnice, nedaleko mo\u0159e, za sousedy m\u00e1me rodinn\u00e9 p\u0159\u00e1tele a starousedl\u00edky. Domek je postaven\u00fd v devades\u00e1t\u00fdch letech jako letn\u00ed s\u00eddlo italsk\u00fdch vlastn\u00edk\u016f. Obsahuje celkem t\u0159i podla\u017e\u00ed&#8230;suter\u00e9n, kde je jedna velk\u00e1 m\u00edstnost, je za\u0159\u00edzen sp\u00ed\u0161e v &#8222;d\u011btsk\u00e9m&#8220; stylu a nab\u00edz\u00ed celkem 4 l\u016f\u017eka. P\u0159\u00edzem\u00ed, kter\u00e9 je stejn\u011b jako patro klimatizov\u00e1no, nab\u00edz\u00ed ob\u00fdvac\u00ed pokoj s men\u0161\u00ed kuchyn\u00ed a soci\u00e1ln\u00edm z\u00e1zem\u00edm. V pat\u0159e jsou potom dva samostatn\u00e9 pokoje po dvou l\u016f\u017ek\u00e1ch, takt\u00e9\u017e vybaven\u00e9 klimatizac\u00ed, op\u011bt kompletn\u00ed soci\u00e1ln\u00ed z\u00e1zem\u00ed a balkon nad terasou.<\/strong> <strong>P\u0159ed domem se nach\u00e1z\u00ed potom terasa o velikosti 18m2 se stolem a \u017eidlemi, v\u010detn\u011b slune\u010dn\u00edku. Parkovat je mo\u017en\u00e9 na vyhrazen\u00e9m parkovac\u00edm m\u00edst\u011b pro n\u00e1\u0161 d\u016fm, nebo na ulici, naproti domu.<\/strong> <strong>Nav\u0161tivte pros\u00edm na\u0161i <a href=\"https:\/\/www.sardiniesrdcem.cz\/index.php\/galerie\/\" data-type=\"URL\" data-id=\"https:\/\/www.sardiniesrdcem.cz\/index.php\/galerie\/\">fotogalerii<\/a>, kde jsou fota nejen z okol\u00ed, ale i z interi\u00e9ru domku.<\/strong><\/p>\n\n\n\n<p>\u00a0 Celou Sardinii u n\u00e1s m\u016f\u017eete procestovat automobilem, kter\u00fd V\u00e1m m\u016f\u017eeme poskytnout na dobu Va\u0161eho pobytu k\u00a0dispozici a m\u016f\u017ee b\u00fdt pro V\u00e1s p\u0159istaven pobl\u00ed\u017e leti\u0161t\u011b v\u00a0Algherru. \u00a0 La Ciaccia je ide\u00e1ln\u00edm m\u00edstem nejen pro milovn\u00edky klidn\u011bj\u0161\u00edho prost\u0159ed\u00ed a pl\u00e1\u017eov\u00e9 &#8222;povale\u010de&#8220;, ale tak\u00e9 perfektn\u00edm v\u00fdchoz\u00edm bodem pro uskute\u010dn\u011bn\u00ed v\u00fdlet\u016f. \u00a0Na\u0161e vesnice se nach\u00e1z\u00ed toti\u017e p\u0159\u00edmo uprost\u0159ed severn\u00edho pob\u0159e\u017e\u00ed, na dohled historick\u00e9ho m\u011bste\u010dka Castelsardo, obklopena stoupaj\u00edc\u00edm ter\u00e9nem vyprahl\u00e9 Sardinie. Vesnice La Ciaccia je po\u010d\u00e1tkem asi 8km dlouh\u00e9 nekone\u010dn\u00e9 p\u00eds\u010dit\u00e9 pl\u00e1\u017ee.<\/p>\n","protected":false},"excerpt":{"rendered":"<p>&nbsp;&nbsp; N\u00e1\u0161 domek se nach\u00e1z\u00ed v&nbsp;men\u0161\u00ed vesnici La Ciaccia , oblast Valledoria, provincie Sassari. Domek stoj\u00ed v&nbsp;tich\u00e9 \u010d\u00e1sti vesnice, nedaleko mo\u0159e, za sousedy m\u00e1me rodinn\u00e9 p\u0159\u00e1tele a starousedl\u00edky. Domek je postaven\u00fd v devades\u00e1t\u00fdch letech jako letn\u00ed s\u00eddlo italsk\u00fdch vlastn\u00edk\u016f. Obsahuje celkem t\u0159i podla\u017e\u00ed&#8230;suter\u00e9n, kde je &hellip; <\/p>\n","protected":false},"author":1,"featured_media":156,"parent":0,"menu_order":0,"comment_status":"closed","ping_status":"closed","template":"","meta":[],"_links":{"self":[{"href":"https:\/\/www.sardiniesrdcem.cz\/index.php\/wp-json\/wp\/v2\/pages\/70"}],"collection":[{"href":"https:\/\/www.sardiniesrdcem.cz\/index.php\/wp-json\/wp\/v2\/pages"}],"about":[{"href":"https:\/\/www.sardiniesrdcem.cz\/index.php\/wp-json\/wp\/v2\/types\/page"}],"author":[{"embeddable":true,"href":"https:\/\/www.sardiniesrdcem.cz\/index.php\/wp-json\/wp\/v2\/users\/1"}],"replies":[{"embeddable":true,"href":"https:\/\/www.sardiniesrdcem.cz\/index.php\/wp-json\/wp\/v2\/comments?post=70"}],"version-history":[{"count":26,"href":"https:\/\/www.sardiniesrdcem.cz\/index.php\/wp-json\/wp\/v2\/pages\/70\/revisions"}],"predecessor-version":[{"id":694,"href":"https:\/\/www.sardiniesrdcem.cz\/index.php\/wp-json\/wp\/v2\/pages\/70\/revisions\/694"}],"wp:featuredmedia":[{"embeddable":true,"href":"https:\/\/www.sardiniesrdcem.cz\/index.php\/wp-json\/wp\/v2\/media\/156"}],"wp:attachment":[{"href":"https:\/\/www.sardiniesrdcem.cz\/index.php\/wp-json\/wp\/v2\/media?parent=70"}],"curies":[{"name":"wp","href":"https:\/\/api.w.org\/{rel}","templated":true}]}}